e 0*u - 13 = -u. What is the remainder when k is divided by u?
12
Suppose -5*b + 2*b + 5*c = -23, 5*b - 5*c - 35 = 0. What is the remainder when 15 is divided by b?
3
Suppose z - 50 = -4*z. Calculate the remainder when 30 is divided by 78/z - 2/(-10).
6
Suppose 0 = -5*p - 2*l - 41, l + 20 = -2*p - l. Let k = 7 + p. Suppose 6*c - 2*c - 156 = k. What is the remainder when c is divided by 10?
9
Let m = -314 - -344. Calculate the remainder when m is divided by (11 + 0)*(-1)/(-1).
8
Suppose 0 = -3*k + 12, x - k - 30 = 65. What is the remainder when x is divided by 17?
14
Suppose 5*x - 23 = 2. Let v(s) = s**2 + 2*s. Calculate the remainder when x is divided by v(-3).
2
Let t = -11 - -71. Let v = -29 + t. What is the remainder when v is divided by -5 + 11 + 3 + -1?
7
Let g = 8 + -3. What is the remainder when g is divided by 3 - 0/(-1) - 1?
1
Let y(j) be the second derivative of 17*j**4/12 + j**3/6 - j. Calculate the remainder when 71 is divided by y(1).
17
Let o(d) = -d**2 - 11*d + 1. Let j(a) = 12*a**2 - 1. Calculate the remainder when o(-6) is divided by j(1).
9
Let h = -2 - -3. Calculate the remainder when (h - 3/2)*-14 is divided by (-1)/(-4) - (-33)/12.
1
Let l be -17 - (-2 - -3)/(-1). Suppose 15*j - 160 = 11*j. What is the remainder when j is divided by l/20*(-35)/2?
12
Suppose 0 = -4*h + 2*h + 34. Calculate the remainder when (2 - (-64 - -3)) + 3 is divided by h.
15
Let q = -34 - -78. Suppose 2*y = 4*y - 2, 4*f - 5*y = -5. Suppose -4*i = 3*b - q, i + 2*i + b - 28 = f. Calculate the remainder when 15 is divided by i.
7
Let x(d) = d**2 - 28*d - 61. Calculate the remainder when x(31) is divided by 5.
2
Let o(f) = f**2 + 3*f + 4. Let s = -6 + 3. Let d be o(s). Suppose -3*l + u + 9 = -14, u - 26 = -d*l. Calculate the remainder when 26 is divided by l.
5
Let a = 6 + 9. Suppose -5*t - 2 = q - 18, 3*q - t = 16. What is the remainder when a is divided by q?
3
Let k be (2 - (-2)/(-1))/(-2). Suppose k*q + q = 0. Suppose -2*r - 2*r + 224 = q. Calculate the remainder when r is divided by 19.
18
Let w = -124 + 133. What is the remainder when 21 is divided by w?
3
Let n = -15 - -22. Suppose 2*c - n + 3 = 0. What is the remainder when 4 is divided by c?
0
Suppose -8*a = -4*a - 8. Calculate the remainder when 3 is divided by a.
1
Let q = 8 + -13. Let a(v) = 2*v**2 - 7. Let t be a(q). Suppose 5*d - t = 22. What is the remainder when d is divided by 5?
3
Suppose 2*o = 83 + 13. Let m = o + -10. What is the remainder when m is divided by 14?
10
Let x(b) = -8*b. Let f be x(4). Let g = 29 + -52. Let o = g - f. What is the remainder when 16 is divided by o?
7
Let w = 3 - 6. Let z = w - -36. Suppose 5*d - 2*m = 56, -2*d - 2*m + 8 = -20. Calculate the remainder when z is divided by d.
9
Suppose 3*f + 79 = h, 3*h + 7*f - 4*f = 237. Calculate the remainder when h is divided by 40.
39
Suppose 0 = p + 3*p - w - 44, 0 = -2*w. Calculate the remainder when 29 is divided by p.
7
Let v(d) = d**3 - 3*d**2 - 2*d + 3. Let k(t) = 10*t**2 + 6*t - 9. What is the remainder when k(2) is divided by v(4)?
10
Suppose p - 116 = -2*y + 5*p, -5*y + 320 = 5*p. What is the remainder when y is divided by 22?
18
Let o be -14*(-2)/(-4)*1. Let a = 16 + o. What is the remainder when 34 is divided by a?
7
Suppose 4*o - 3*s - 113 = 0, 6*o = 2*o - s + 101. Calculate the remainder when 155 is divided by o.
25
Suppose -28 + 80 = 4*t + 5*d, 4*t + 3*d - 52 = 0. Let n = 26 + -3. What is the remainder when n is divided by t?
10
Let r(i) = -i**3 + 5*i**2 - i - 2. Let b be r(2). What is the remainder when 12 is divided by (-150)/(-22) - b/(-44)?
5
Let i be (-12)/(-2)*4/6. What is the remainder when ((-12)/9)/((-2)/6) is divided by 5 - (-3 + i)*3?
0
Suppose 0*c + 290 = 5*c. Let s = -29 - -54. Suppose b - s = -5. What is the remainder when c is divided by b?
18
What is the remainder when (-2)/(6/(-111)) - 4 is divided by 9?
6
Let m be 0*1/(-2) - -3. Suppose -m*w = 2 - 14. Suppose 4*b - 51 = 5*l, -w*l - 30 = -5*b + 3*b. What is the remainder when 17 is divided by b?
8
Suppose 18*d = 19*d - 59. What is the remainder when d is divided by 31?
28
Let z(d) = d**3 + 7*d**2 - 5*d + 1. What is the remainder when 105 is divided by z(-7)?
33
Let y(n) = n - 3. Let b be y(5). Suppose -b*t - 2 = -3*t, -115 = -5*d - 5*t. Calculate the remainder when d is divided by (-66)/(-9)*6/4.
10
Let d = 6 - 3. Let c be d*((-4)/3 + 2). Suppose -4*j + 4*s = -48, j = c*j + s - 12. What is the remainder when 45 is divided by j?
9
Let y(o) = 4*o. Suppose -4*h = 5*d - 21, -d + 2*h - 6 = d. Calculate the remainder when 11 is divided by y(d).
3
Suppose 58 + 22 = 5*v. What is the remainder when 78 is divided by v?
14
Let l(c) = -c**3 + 13*c**2 + 3*c - 7. What is the remainder when l(13) is divided by 5?
2
Suppose 5*n = 16 + 24. Calculate the remainder when 13 is divided by n.
5
Suppose 3*t - 59 = -4*j + 31, 17 = j - 2*t. Calculate the remainder when j is divided by 12.
9
Let h = 14 + -6. What is the remainder when h is divided by 4?
0
Let w(c) = c + 11. Let a(g) = 2*g - 8. Let x be a(6). Suppose -6 = 2*v - x*v. What is the remainder when w(-6) is divided by v?
2
Suppose -2*s + 32 = -0*s. What is the remainder when 45 is divided by s?
13
Let w(m) = -m**3 - 10*m**2 + 10*m - 6. Let s be w(-11). Suppose 3*j + 156 = 2*x, -s*j + 0*j = 4*x - 356. What is the remainder when x is divided by 22?
18
Suppose -4*f + 10 = -14. Suppose 4*a - 2*u - 12 = 0, 0 = a - 4*u + 3 + 1. What is the remainder when f is divided by (-6 - -3)*a/(-3)?
2
Suppose 3*q - 4*q + 5*o = 12, 4*o - 16 = 0. Let m(u) = -20*u + 2. What is the remainder when m(-1) is divided by q?
6
Let p = -11 - -6. Let m be p/(-30) + (-2)/12. Suppose 3*y + j - 101 = m, 3*y - 2*j + 27 = 131. What is the remainder when y is divided by 12?
10
Suppose 0 = -2*h - 3 + 19. Suppose -64 = 3*t - h*t - 3*z, -3*t - z + 40 = 0. Calculate the remainder when 20 is divided by (t/6)/(1/3).
6
Let t be 3 + (831/3 - 0). Suppose 5*m = c + 70 + t, 2*m - 152 = -2*c. Calculate the remainder when m is divided by 24.
23
Let q = 14 + -21. Let l(k) = -3*k - 2. Calculate the remainder when 56 is divided by l(q).
18
Let y(q) = 4*q - 2*q**3 - 4*q**2 + 6*q**3 - 2 - 2*q**3 - 2*q. Calculate the remainder when 43 is divided by y(3).
21
Let m(l) be the third derivative of -l**4/8 - l**3/6 + 3*l**2. What is the remainder when m(-7) is divided by 11/1*(1 + 0)?
9
Let d = -9 - -7. Suppose 2*l + 9 - 37 = 0. Calculate the remainder when l is divided by 2/5*(22 + d).
6
Let k = 11 - 6. Suppose -k*s + u + 66 = 0, 0*s - 5*u = 3*s - 34. What is the remainder when 51 is divided by s?
12
Suppose 9 = 5*c - 16. Suppose c*t - 4*s + s - 106 = 0, s + 62 = 3*t. Let l = t - 11. Calculate the remainder when l is divided by 3.
0
Let o = -8 - -16. Suppose -5*r - 4*u = -39, u - o = -r - 0*r. Let n = 9 + -5. What is the remainder when r is divided by n?
3
What is the remainder when 48 is divided by 3/1 + (-110)/(-5)?
23
Suppose 13 = a - 5*k, 3 = -0*k - 3*k. Let b = 38 + -16. What is the remainder when b is divided by a?
6
Let o be (4/8)/(2/8). Suppose -20 = -j - 3*j, 5*x = o*j - 80. Let y = x - -34. What is the remainder when y is divided by 7?
6
Let q(x) = 6*x**2 + 15*x - 13. Calculate the remainder when q(-4) is divided by 4.
3
Let q(c) = 2*c**3 - 14*c**2 - c + 16. Calculate the remainder when q(7) is divided by 7.
2
Let s be 975/(-9) + 1/3. Let z be (-2)/(-4) + s/(-8). Suppose 24 = u + 2*r, -u + 4*r - r + z = 0. Calculate the remainder when u is divided by 7.
6
Suppose -63 = 4*n - n. Calculate the remainder when 4/(-14) + (-172)/(-14) is divided by (2/3)/((-2)/n).
5
Let i be ((-60)/8)/((-2)/24). Suppose -6*y - i = -y. Let o = -4 - y. What is the remainder when 40 is divided by o?
12
Suppose -6*r = -r + m - 143, 0 = -3*r - 2*m + 83. What is the remainder when r is divided by 15?
14
Let n(z) = z - 10. Let h be n(15). Suppose -2*y + 5*t = 3*y - 165, h*y = -5*t + 145. Calculate the remainder when y is divided by 16.
15
Let n(u) = u + 4. Let m be n(3). Suppose 4*v = y - 48, -4*y = -4*v + m*v - 173. Let w(o) = 3*o**2 - 5*o + 3. Calculate the remainder when y is divided by w(3).
14
Let y(b) = b + 42. What is the remainder when y(-8) is divided by 9?
7
Let o = 37 + -33. Calculate the remainder when 13 is divided by o.
1
What is the remainder when 2*(2 + 23) - (3 -